{"id":6554,"date":"2022-03-08T01:02:19","date_gmt":"2022-03-07T23:02:19","guid":{"rendered":"https:\/\/www.ccmboutique.ro\/?post_type=product&#038;p=6554"},"modified":"2024-02-20T15:47:39","modified_gmt":"2024-02-20T13:47:39","slug":"vesta-scurta-neagra-de-blana","status":"publish","type":"product","link":"https:\/\/www.ccmboutique.ro\/ro\/shop\/vesta-scurta-neagra-de-blana\/","title":{"rendered":"Vest\u0103 Myra"},"content":{"rendered":"","protected":false},"excerpt":{"rendered":"<p>O vest\u0103 de blan\u0103 adaug\u0103 o not\u0103 de lux oric\u0103rei \u021binute.<\/p>\n<p class=\"p1\">Colec\u021bii atemporale realizate din materiale luxoase.<\/p>\n<p class=\"p1\">Cele mai importante produse de investi\u021bie pe care le ve\u021bi face pentru garderoba dvs., cu o durat\u0103 de via\u021b\u0103 lung\u0103 \u0219i o pozi\u021bie atemporal\u0103.<\/p>\n<p class=\"p1\">Explora\u021bi num\u0103rul mare de produse \u0219i colec\u021bii de la CCM Boutique, g\u0103si\u021bi hainele de lux care vi se potrivesc cel mai bine pentru a fi mereu la mod\u0103.<\/p>\n<p><span class=\"Y2IQFc\" lang=\"en\">Gam\u0103 larg\u0103 de culori, pot fi f\u0103cute pe orice lungime,<\/span><span class=\"Y2IQFc\" lang=\"en\">\u00eenchiderea poate fi cu fermoar sau capse.<\/span><\/p>\n<p class=\"p1\">V\u0103 pute\u021bi bucura de un serviciu privilegiat de croitorie individual\u0103.<\/p>\n<p class=\"p1\">Jachetele vor fi fabricate exclusiv pentru dumneavoastr\u0103: de la modelul potrivit pentru silueta dumneavoastr\u0103 p\u00e2n\u0103 la tonul \u0219i textura.<\/p>\n<p class=\"p1\">Un produs exclusivist va flata silueta \u0219i va reflecta stilul t\u0103u.<\/p>\n<p class=\"p1\">Pentru un serviciu de comand\u0103 personalizat \u0219i mai multe detalii ne pute\u021bi contacta la numerele de telefon 0040766914884 \/ 0040766914901 \u0219i ve\u021bi avea produse care vor fi realizate cu minu\u021biozitate pentru dvs.<\/p>\n","protected":false},"featured_media":5529876,"comment_status":"closed","ping_status":"closed","template":"","meta":[],"product_cat":[444,456],"product_tag":[],"class_list":["post-6554","product","type-product","status-publish","has-post-thumbnail","hentry","product_cat-femei-2","product_cat-veste-din-blana-2"],"acf":[],"_links":{"self":[{"href":"https:\/\/www.ccmboutique.ro\/ro\/wp-json\/wp\/v2\/product\/6554","targetHints":{"allow":["GET"]}}],"collection":[{"href":"https:\/\/www.ccmboutique.ro\/ro\/wp-json\/wp\/v2\/product"}],"about":[{"href":"https:\/\/www.ccmboutique.ro\/ro\/wp-json\/wp\/v2\/types\/product"}],"replies":[{"embeddable":true,"href":"https:\/\/www.ccmboutique.ro\/ro\/wp-json\/wp\/v2\/comments?post=6554"}],"version-history":[{"count":1,"href":"https:\/\/www.ccmboutique.ro\/ro\/wp-json\/wp\/v2\/product\/6554\/revisions"}],"predecessor-version":[{"id":5525370,"href":"https:\/\/www.ccmboutique.ro\/ro\/wp-json\/wp\/v2\/product\/6554\/revisions\/5525370"}],"wp:featuredmedia":[{"embeddable":true,"href":"https:\/\/www.ccmboutique.ro\/ro\/wp-json\/wp\/v2\/media\/5529876"}],"wp:attachment":[{"href":"https:\/\/www.ccmboutique.ro\/ro\/wp-json\/wp\/v2\/media?parent=6554"}],"wp:term":[{"taxonomy":"product_cat","embeddable":true,"href":"https:\/\/www.ccmboutique.ro\/ro\/wp-json\/wp\/v2\/product_cat?post=6554"},{"taxonomy":"product_tag","embeddable":true,"href":"https:\/\/www.ccmboutique.ro\/ro\/wp-json\/wp\/v2\/product_tag?post=6554"}],"curies":[{"name":"wp","href":"https:\/\/api.w.org\/{rel}","templated":true}]}}

Vestă Myra

<p>O vestă de blană adaugă o notă de lux oricărei ținute.</p>
<p class="p1">Colecții atemporale realizate din materiale luxoase.</p>
<p class="p1">Cele mai importante produse de investiție pe care le veți face pentru garderoba dvs., cu o durată de viață lungă și o poziție atemporală.</p>
<p class="p1">Explorați numărul mare de produse și colecții de la CCM Boutique, găsiți hainele de lux care vi se potrivesc cel mai bine pentru a fi mereu la modă.</p>
<p><span class="Y2IQFc" lang="en">Gamă largă de culori, pot fi făcute pe orice lungime,</span><span class="Y2IQFc" lang="en">închiderea poate fi cu fermoar sau capse.</span></p>
<p class="p1">Vă puteți bucura de un serviciu privilegiat de croitorie individuală.</p>
<p class="p1">Jachetele vor fi fabricate exclusiv pentru dumneavoastră: de la modelul potrivit pentru silueta dumneavoastră până la tonul și textura.</p>
<p class="p1">Un produs exclusivist va flata silueta și va reflecta stilul tău.</p>
<p class="p1">Pentru un serviciu de comandă personalizat și mai multe detalii ne puteți contacta la numerele de telefon 0040766914884 / 0040766914901 și veți avea produse care vor fi realizate cu minuțiozitate pentru dvs.</p>
