{"id":6514,"date":"2022-03-08T23:44:49","date_gmt":"2022-03-08T21:44:49","guid":{"rendered":"https:\/\/www.ccmboutique.ro\/?post_type=product&#038;p=6514"},"modified":"2025-01-10T14:57:28","modified_gmt":"2025-01-10T12:57:28","slug":"vesta-de-blana-ryanne-rex","status":"publish","type":"product","link":"https:\/\/www.ccmboutique.ro\/ro\/shop\/vesta-de-blana-ryanne-rex\/","title":{"rendered":"Vest\u0103 de blan\u0103 Ryanne Rex"},"content":{"rendered":"","protected":false},"excerpt":{"rendered":"<p>O vest\u0103 de blan\u0103 adaug\u0103 o not\u0103 de lux oric\u0103rei \u021binute.<\/p>\n<p><span class=\"Y2IQFc\" lang=\"en\">Este o piesa statement si poate fi purtata in cat mai multe combinatii.<\/span><\/p>\n<p><span class=\"Y2IQFc\" lang=\"en\">Nu ezita\u021bi s\u0103 o purta\u021bi cu elemente din piele sau cu texturi diferite ,s<\/span><span class=\"Y2IQFc\" lang=\"en\">u\u0219or peste bluze \u0219i chiar jachete, cu o lungime de 110 cm.<\/span><\/p>\n<p>Blana este dens\u0103, lucioas\u0103 \u0219i moale.<\/p>\n<p>Manoper\u0103 de \u00eenalt\u0103 calitate, croitorie excep\u021bional\u0103.<\/p>\n<p><span class=\"Y2IQFc\" lang=\"en\">Gam\u0103 larg\u0103 de culori, pot fi f\u0103cute pe orice lungime,<\/span><span class=\"Y2IQFc\" lang=\"en\">\u00eenchiderea poate fi cu fermoar sau agrafe.<\/span><\/p>\n<p class=\"p1\">V\u0103 pute\u021bi bucura de un serviciu privilegiat de croitorie individual\u0103.<\/p>\n<p class=\"p1\">Jachetele vor fi fabricate exclusiv pentru dumneavoastr\u0103: de la modelul potrivit pentru silueta dumneavoastr\u0103 p\u00e2n\u0103 la ton \u0219i textura.<\/p>\n<p class=\"p1\">Un produs exclusivist va flata silueta \u0219i va reflecta stilul t\u0103u.<\/p>\n<p class=\"p1\">Pentru un serviciu de comand\u0103 personalizat \u0219i mai multe detalii ne pute\u021bi contacta la numerele de telefon 0040766914884 \/ 0040766914901 \u0219i ve\u021bi avea produse care vor fi realizate cu minu\u021biozitate pentru dvs.<\/p>\n","protected":false},"featured_media":5529926,"comment_status":"closed","ping_status":"closed","template":"","meta":[],"product_cat":[444,456],"product_tag":[],"class_list":["post-6514","product","type-product","status-publish","has-post-thumbnail","hentry","product_cat-femei-2","product_cat-veste-din-blana-2"],"acf":[],"_links":{"self":[{"href":"https:\/\/www.ccmboutique.ro\/ro\/wp-json\/wp\/v2\/product\/6514","targetHints":{"allow":["GET"]}}],"collection":[{"href":"https:\/\/www.ccmboutique.ro\/ro\/wp-json\/wp\/v2\/product"}],"about":[{"href":"https:\/\/www.ccmboutique.ro\/ro\/wp-json\/wp\/v2\/types\/product"}],"replies":[{"embeddable":true,"href":"https:\/\/www.ccmboutique.ro\/ro\/wp-json\/wp\/v2\/comments?post=6514"}],"version-history":[{"count":2,"href":"https:\/\/www.ccmboutique.ro\/ro\/wp-json\/wp\/v2\/product\/6514\/revisions"}],"predecessor-version":[{"id":5541339,"href":"https:\/\/www.ccmboutique.ro\/ro\/wp-json\/wp\/v2\/product\/6514\/revisions\/5541339"}],"wp:featuredmedia":[{"embeddable":true,"href":"https:\/\/www.ccmboutique.ro\/ro\/wp-json\/wp\/v2\/media\/5529926"}],"wp:attachment":[{"href":"https:\/\/www.ccmboutique.ro\/ro\/wp-json\/wp\/v2\/media?parent=6514"}],"wp:term":[{"taxonomy":"product_cat","embeddable":true,"href":"https:\/\/www.ccmboutique.ro\/ro\/wp-json\/wp\/v2\/product_cat?post=6514"},{"taxonomy":"product_tag","embeddable":true,"href":"https:\/\/www.ccmboutique.ro\/ro\/wp-json\/wp\/v2\/product_tag?post=6514"}],"curies":[{"name":"wp","href":"https:\/\/api.w.org\/{rel}","templated":true}]}}

Vestă de blană Ryanne Rex

<p>O vestă de blană adaugă o notă de lux oricărei ținute.</p>
<p><span class="Y2IQFc" lang="en">Este o piesa statement si poate fi purtata in cat mai multe combinatii.</span></p>
<p><span class="Y2IQFc" lang="en">Nu ezitați să o purtați cu elemente din piele sau cu texturi diferite ,s</span><span class="Y2IQFc" lang="en">ușor peste bluze și chiar jachete, cu o lungime de 110 cm.</span></p>
<p>Blana este densă, lucioasă și moale.</p>
<p>Manoperă de înaltă calitate, croitorie excepțională.</p>
<p><span class="Y2IQFc" lang="en">Gamă largă de culori, pot fi făcute pe orice lungime,</span><span class="Y2IQFc" lang="en">închiderea poate fi cu fermoar sau agrafe.</span></p>
<p class="p1">Vă puteți bucura de un serviciu privilegiat de croitorie individuală.</p>
<p class="p1">Jachetele vor fi fabricate exclusiv pentru dumneavoastră: de la modelul potrivit pentru silueta dumneavoastră până la ton și textura.</p>
<p class="p1">Un produs exclusivist va flata silueta și va reflecta stilul tău.</p>
<p class="p1">Pentru un serviciu de comandă personalizat și mai multe detalii ne puteți contacta la numerele de telefon 0040766914884 / 0040766914901 și veți avea produse care vor fi realizate cu minuțiozitate pentru dvs.</p>
