{"id":6250,"date":"2022-02-03T20:50:51","date_gmt":"2022-02-03T18:50:51","guid":{"rendered":"https:\/\/www.ccmboutique.ro\/?post_type=product&#038;p=6250"},"modified":"2024-02-20T15:44:22","modified_gmt":"2024-02-20T13:44:22","slug":"agnar-raccon-parka-sacou","status":"publish","type":"product","link":"https:\/\/www.ccmboutique.ro\/ro\/shop\/agnar-raccon-parka-sacou\/","title":{"rendered":"Jachet\u0103 Parka Imblanita AGNAR"},"content":{"rendered":"","protected":false},"excerpt":{"rendered":"<p class=\"p1\">Colec\u021bia CCM va introduce un stil atemporal \u00een garderoba ta.<\/p>\n<p class=\"p1\">Ave\u021bi dreptul s\u0103 ne cere\u021bi excelen\u021b\u0103, deoarece calitatea este un limbaj global.<\/p>\n<p class=\"p1\">Croitorii no\u0219tri experimenta\u021bi sunt preg\u0103ti\u021bi s\u0103 \u00eendeplineasc\u0103 cerin\u021bele personalizate ale clien\u021bilor no\u0219tri.<\/p>\n<p class=\"p1\">Calitatea este \u00eens\u0103\u0219i esen\u021ba unei jachete CCM Boutique<span class=\"Apple-converted-space\">  <\/span>, realizat\u0103 din materiale selecte pentru a crea jachete care sunt opere de art\u0103 de neegalat \u00een sine.<\/p>\n<p class=\"p1\">V\u0103 pute\u021bi bucura de un serviciu privilegiat de croitorie individual\u0103.<\/p>\n<p class=\"p1\">Jachetele vor fi fabricate exclusiv pentru dumneavoastr\u0103: de la modelul potrivit pentru silueta dumneavoastr\u0103 p\u00e2n\u0103 la tonul \u0219i textura.<\/p>\n<p class=\"p1\">Un produs exclusivist va flata silueta \u0219i va reflecta stilul t\u0103u.<\/p>\n<p class=\"p1\">Pentru un serviciu de comand\u0103 personalizat \u0219i mai multe detalii ne pute\u021bi contacta la numerele de telefon 0040766914884 \/ 0040766914901 \u0219i ve\u021bi avea produse care vor fi realizate cu meticulozitate pentru dumneavoastr\u0103.<\/p>\n","protected":false},"featured_media":5528615,"comment_status":"closed","ping_status":"closed","template":"","meta":[],"product_cat":[436,442],"product_tag":[],"class_list":["post-6250","product","type-product","status-publish","has-post-thumbnail","hentry","product_cat-barbati-2","product_cat-jachete-parka-2"],"acf":[],"_links":{"self":[{"href":"https:\/\/www.ccmboutique.ro\/ro\/wp-json\/wp\/v2\/product\/6250","targetHints":{"allow":["GET"]}}],"collection":[{"href":"https:\/\/www.ccmboutique.ro\/ro\/wp-json\/wp\/v2\/product"}],"about":[{"href":"https:\/\/www.ccmboutique.ro\/ro\/wp-json\/wp\/v2\/types\/product"}],"replies":[{"embeddable":true,"href":"https:\/\/www.ccmboutique.ro\/ro\/wp-json\/wp\/v2\/comments?post=6250"}],"version-history":[{"count":1,"href":"https:\/\/www.ccmboutique.ro\/ro\/wp-json\/wp\/v2\/product\/6250\/revisions"}],"predecessor-version":[{"id":5525226,"href":"https:\/\/www.ccmboutique.ro\/ro\/wp-json\/wp\/v2\/product\/6250\/revisions\/5525226"}],"wp:featuredmedia":[{"embeddable":true,"href":"https:\/\/www.ccmboutique.ro\/ro\/wp-json\/wp\/v2\/media\/5528615"}],"wp:attachment":[{"href":"https:\/\/www.ccmboutique.ro\/ro\/wp-json\/wp\/v2\/media?parent=6250"}],"wp:term":[{"taxonomy":"product_cat","embeddable":true,"href":"https:\/\/www.ccmboutique.ro\/ro\/wp-json\/wp\/v2\/product_cat?post=6250"},{"taxonomy":"product_tag","embeddable":true,"href":"https:\/\/www.ccmboutique.ro\/ro\/wp-json\/wp\/v2\/product_tag?post=6250"}],"curies":[{"name":"wp","href":"https:\/\/api.w.org\/{rel}","templated":true}]}}

Jachetă Parka Imblanita AGNAR

<p class="p1">Colecția CCM va introduce un stil atemporal în garderoba ta.</p>
<p class="p1">Aveți dreptul să ne cereți excelență, deoarece calitatea este un limbaj global.</p>
<p class="p1">Croitorii noștri experimentați sunt pregătiți să îndeplinească cerințele personalizate ale clienților noștri.</p>
<p class="p1">Calitatea este însăși esența unei jachete CCM Boutique<span class="Apple-converted-space">  </span>, realizată din materiale selecte pentru a crea jachete care sunt opere de artă de neegalat în sine.</p>
<p class="p1">Vă puteți bucura de un serviciu privilegiat de croitorie individuală.</p>
<p class="p1">Jachetele vor fi fabricate exclusiv pentru dumneavoastră: de la modelul potrivit pentru silueta dumneavoastră până la tonul și textura.</p>
<p class="p1">Un produs exclusivist va flata silueta și va reflecta stilul tău.</p>
<p class="p1">Pentru un serviciu de comandă personalizat și mai multe detalii ne puteți contacta la numerele de telefon 0040766914884 / 0040766914901 și veți avea produse care vor fi realizate cu meticulozitate pentru dumneavoastră.</p>
